+ 34. Suppose 67*p - 192 + 66 - 343 = 0. Calculate b(p).
6
Suppose 16*n - 7*n = 0. Suppose n = 65*i - 70*i - 30. Let p(l) = l**3 + 7*l**2 + 7*l + 9. What is p(i)?
3
Let f(m) = -2*m. Let s(u) = -12 - 28*u + 34*u - 7*u. Let p be s(-15). What is f(p)?
-6
Let o(b) = 13*b**2 - 8*b + 554. Let r(w) = -11*w**2 + 9*w - 462. Let s(k) = 5*o(k) + 6*r(k). Calculate s(13).
11
Suppose o + 1 = -5*p + 10, 0 = -p - 4*o - 2. Let a(s) = 2*s**2 - 5*s + 2. Let j be a(p). Let l(u) = -2 - 3 + 5 + u - 3. What is l(j)?
-3
Suppose 3*w + b = 13, -2*b = 2*w - 3*b - 7. Let x(u) = u**3 - 4*u**2 - 746678 + 0*u**2 + 746673 - u. Calculate x(w).
-9
Suppose -2*n + y - 6 = 0, 264*y = 4*n + 259*y. Let g(m) be the third derivative of -m**5/30 - m**4/6 + 2*m**3/3 - 3*m**2. Give g(n).
-26
Let v(z) = -7*z**3 - 2*z + 1. Suppose -2*q = 21 - 403. Let l = q - 190. Calculate v(l).
-8
Let q(r) = -4*r - 12. Let v(g) = -3*g**2 - 105*g - 7. Let h = 226 + -261. Let u be v(h). Calculate q(u).
16
Let t(j) be the second derivative of -1/20*j**5 + 1/2*j**4 + 0 - 59*j - 15/2*j**2 + 2*j**3. Calculate t(7).
20
Let j(b) be the third derivative of -41*b**5/60 - 41*b**4/12 - b**2 - 25*b + 25. Calculate j(-2).
0
Let z(p) = -p**3 + 6*p**2 + 54*p + 8. Suppose -225*l + 243*l - 198 = 0. Determine z(l).
-3
Let j(l) = -l**3 + 32*l**2 + 34*l - 33. Suppose 16*a = 17*a - 3, -2*a = -4*g + 126. Give j(g).
0
Let c(j) = j**3 + 14*j**2 - 13. Let o be (-4)/12 + (21/9 - -3). Suppose -o*f - 17*l - 80 = -19*l, 5*f + 55 = -3*l. Calculate c(f).
-13
Suppose -28*z - 1 = 27. Let d be (-7)/z + (-9 - -4 - -6). Let k(f) = f**2 - 7*f + 3. What is k(d)?
11
Let b(j) = -3*j**2 + 8*j - 3. Suppose -4*z + 20 = -4*p, 7*z + 3*p = 4*z - 9. Let w be 1 + 1 + (z - (-3 - -1)). Calculate b(w).
-38
Let h(g) = -2*g**2 - 2*g. Let d(r) = -r**2 + r + 1. Let c(y) = 3*d(y) - h(y). Let m be (-5)/(20/14*7 - 11). What is c(m)?
3
Let v(l) = l - 11. Suppose 2*p = -4*k + 82, 9*p - 119 = -5*k + 12*p. Let w be 4/16*k*2. What is v(w)?
0
Let s(i) = -464*i + 457. Let d be s(1). Let c(q) = q**3 + 5*q**2 - 8*q - 6. Give c(d).
-48
Let s(m) = m**3 + 2*m**2 - 3*m - 7. Let k = -1083 + 1080. Give s(k).
-7
Let m = 28 + 25. Let o = -105 + m. Let v = 55 + o. Let r(q) = q**3 - 3*q**2 - 3*q + 4. What is r(v)?
-5
Suppose 0 = -8*l + 70 - 334. Let w be 1350/165 + 6/l. Let d(s) = s**3 - 8*s**2 - 2*s + 11. What is d(w)?
-5
Let b be (10 - 5) + -9 - -20. Let s(o) = 34*o + 3 - b*o - 15*o. What is s(3)?
12
Let l = -20 - -111. Let x = 94 - l. Let s(u) = -u**3 + u**2 + u + 2. What is s(x)?
-13
Let w(h) = h**2 + 3*h - 1. Let j(r) = -50 + 5*r**2 - 4*r**2 + 101 - 2*r**2 - 48 - 4*r. Let t(x) = -3*j(x) - 2*w(x). What is t(-7)?
0
Let r(v) = -3*v**3 - 5*v**2 + 7*v + 1. Let q be r(-5). Suppose 5*o = -3*o - q. Let t = o + 34. Let p(k) = k**3 - 6*k**2 - 7*k + 8. Determine p(t).
8
Let z(b) = -b**2 + 4*b + 1. Let i(g) = -43*g + 14*g - 3 + 14*g - 2*g**2. Let t be i(-7). Suppose t*q - 19 + 7 = 0. What is z(q)?
4
Let y(m) = m**3 + 6*m**2 - 2*m - 8. Suppose -l + 2 = -4*f, -3*f = -l + 1 + 1. Suppose f = 4*b - 3*b - 4*x + 26, 2*b = 4*x - 32. Calculate y(b).
4
Let l be ((-1 - 3) + 3)*-7. Let s(z) be the first derivative of z**2 - 10*z + 465. What is s(l)?
4
Let g(u) = 3*u**2 - 13*u - 1. Let f(l) = -10*l**2 + 41*l + 3. Let w(y) = 2*f(y) + 7*g(y). Suppose 4*z + 28 - 65 = -3*x, 3*x = -3*z + 33. What is w(x)?
-15
Let b(t) = t**2 - 3*t - 10. Let k(a) = -a**3 - 7*a**2 + 14*a - 30. Let f be k(-9). Let q be b(f). Let l(h) = 2*h - 7. Determine l(q).
9
Let o = -1667 + 1667. Let q(u) = u**2 - u + 20. Give q(o).
20
Let h = 125 - 124. Let q be 2 + h + (-7)/((-35)/15). Let l be 1/(2/q) - (-6)/3. Let g(b) = -b**2 + 8*b - 4. Determine g(l).
11
Let v = -5 - 121. Let p = 127 + v. Let n(j) = -8*j. Calculate n(p).
-8
Let y(h) = -37*h**3 + h + 1. Suppose 247*i + 12 = 235*i. Give y(i).
37
Let r(g) = g**3 + 10*g**2 - 24*g + 2. Suppose -41*s + 46*s + u + 63 = 0, -2*s = -2*u + 18. Determine r(s).
2
Let l(y) = -y + 19. Let w be l(14). Suppose -3*k + 2*k = -5*d + 4, -d = -w*k + 4. Let x(p) = d + 4*p + 2 + 1 - 7. Determine x(6).
21
Suppose -2*v + 20 = -4*y, 35*v - 34*v = -4*y - 14. Let h(p) = -35*p**2 + 3*p - 4. Determine h(v).
-138
Let i(b) be the first derivative of 6*b**2 + 259*b - 1161. Determine i(-21).
7
Let q(w) be the second derivative of 7*w**4/24 - 11*w**3/6 + 49*w**2/2 + 4*w - 2. Let t(s) be the first derivative of q(s). Determine t(8).
45
Let f(b) be the first derivative of b**4/4 - 8*b**3/3 - 11*b**2/2 + 13*b - 213. Let d be (-2)/(-3) - 50/(-6). What is f(d)?
-5
Let g(d) = -d**2 + 6*d + 5. Let x = -807 - -810. Let z = -5 + 8. Suppose -x*k = m - z*m - 15, 0 = m - 3. Calculate g(k).
-2
Let f(a) be the first derivative of a**4/4 - 2*a**3 + 2*a**2 - 1757. What is f(5)?
-5
Let f(s) = s**2 - 16*s - 3. Suppose 0 = -2*h + 28 + 10. Let q be f(h). Let c = q + -51. Let b(i) = -i**3 + 3*i**2 - i + 3. Determine b(c).
0
Let c(o) = -24 - 5*o**2 - 7*o - 13*o + 16*o**2. Let w(d) = -d + 16 + 14*d + 15*d**2 - 48*d**2 + 16*d**2 + 10*d**2. Let y(k) = 5*c(k) + 8*w(k). Give y(6).
-4
Let n(j) = j**3 - 2*j**2 - 13*j - 9. Let s be 1590/72 + -22 - (-2 - 70/24). Calculate n(s).
1
Suppose -2*z = -5*k + 4, -6*k + 4*z - 4 = -2*k. Let s(d) = d + 3*d - 8*d + 0*d**2 - d**k. What is s(-3)?
3
Let z(j) = -j**3 + 8*j**2 + 11*j - 2. Suppose -b = 5*i - 3*i + 232, 5*b = i - 1149. Let d = 239 + b. What is z(d)?
16
Let j(f) = -f**2 - 4*f + 3. Let g be 20/8*(-7 + 5). What is j(g)?
-2
Let k(j) = j**2 + j + 2. Let v(m) = -m - 1. Let b be v(-3). Let a(u) = u**2 - 2*u - 1. Let z(h) = b*a(h) - k(h). Give z(5).
-4
Let a(z) = 6*z + 266. Let n be a(-44). Let b(j) = j + 5*j**n + 2*j + 8*j - 4*j**2 - 2*j**2. Calculate b(11).
0
Let y(p) = -4*p**3 - 2*p + 1. Let u = -58 - -111. Let j = u + -47. Suppose -10 = -4*x - j*x. What is y(x)?
-5
Suppose f = -2*f, -f = -5*x. Let i(r) = -3*r - 15*r + x - 2*r + 24*r - 4. Determine i(4).
12
Suppose -6*t + 2*n + 20 = -2*t, 0 = 4*t + 2*n - 12. Let i(x) = 3*x**2 - x**3 - 1254 + 2*x**2 + 1252 - 5*x. Determine i(t).
-6
Let m(g) = 3*g**2 - 36*g - 81. Let b(o) = -13*o**2 + 148*o + 329. Let k(i) = 4*b(i) + 17*m(i). Calculate k(-14).
23
Let a(v) = -2*v + 14. Let f(o) = 8*o - 250. Let r be f(20). Let q be (1 - 13/15) + (-888)/r. Calculate a(q).
-6
Let a(w) = 59*w**3 + 23*w**2 - 254*w + 33. Let y(v) = -14*v**3 - 6*v**2 + 61*v - 8. Let k(c) = -6*a(c) - 25*y(c). Calculate k(3).
-1
Let z(d) = -d**2 - 17*d + 198. Let n be z(8). Let w(m) = -1 + 21*m - 3 + 3. Determine w(n).
-43
Let o be (0/(-1))/(243 - 246). Let b(c) = 4*c + 6. Give b(o).
6
Let t(q) = -q**2 - 13*q + 6. Let x(j) = -11*j**2 - 129*j + 56. Let v(g) = -21*t(g) + 2*x(g). Calculate v(14).
0
Let y = 148 - 139. Let n(b) = 11 - y*b - 15*b + 37*b + 5 - 14*b. Give n(11).
5
Let y(t) be the second derivative of -t**5/5 + t**4/6 - t**3/2 + 2*t**2 - 828*t. Give y(3).
-95
Let u be 4/2*(267/(-6) + 1). Let p = u + 89. Let j(c) = p*c + 22*c**2 + 1 + 2*c - 23*c**2 - c. Calculate j(-2).
-9
Suppose -4*g - 49 = -837. Suppose -y = -2*n - 49, -n - 3*n + g = 3*y. Let l = 53 - y. Let p(t) = -t**3 - 6*t**2 + t + 2. Give p(l).
-4
Suppose -17*f = -1727 - 313. Let v(t) = -238 + 115 + f - 10*t. Let u = -7 - -5. What is v(u)?
17
Let n(q) = -q + 2. Let u(f) = -3*f**2 - 3*f + 6. Let y(z) = -2*n(z) + u(z). Let g(t) = -2*t**2 + t + 2. Let l(c) = 4*g(c) - 3*y(c). Calculate l(-5).
-8
Let d(b) = -118 - 41*b + 101*b - 28*b - 27*b. Determine d(16).
-38
Let v(k) = -k**3 - 8*k**2 + k + 11. Let c be v(-8). Suppose -2*o + c = -1. Let j(u) = 1 + u - 2*u - 3 + 1 - 11*u**o. Give j(-1).
-11
Let c(x) = 5*x. Suppose -5*g = -2*p + 3*p + 22, -5*p + 25 = -2*g. Let l be (24/p)/4 + 6*2. Suppose -11 = -3*q - l. What is c(q)?
-5
Let a(f) = -f**2 - 186*f - 540. Let x be a(-3). Let b(n) = n - 5. What is b(x)?
4
Let w(n) be the third derivative of n**6/120 + n**5/10 - n**4/24 + 2*n**3/3 - 145*n**2 + 3. Suppose -21 + 33 = -2*s. What is w(s)?
10
Let u(g) = g**3 + 7*g**2 - 6*g + 12. Let v be (-2*2 - (-120)/18)*(10 + -13). Determine u(v).
-4
Let b(p) = -8*p - 8. Let r be (-30)/4 - 45/90. Let w(l) = -13*l - 12. Let g(s) = r*b(s) + 5*w(s). What is g(4)?
0
Let t(l) be the second derivative of l**4/6 - l**3/2 + 11*l**2 - 4818*l. Determine t(3).
31
Let q(b) = 47*b**2 + 46*b**2 - 113*b**2 - 25*b + 14 + 7*b - b**3. Determine q(-19).
-5
Let n = -7 - -9. 